hat is 1062615 (base 13) in base 3?
100102012122120
What is -79871 (base 10) in base 3?
-11001120012
Convert 1a90a0 (base 16) to base 2.
110101001000010100000
Convert 6412 (base 16) to base 6.
314334
201222222120 (base 3) to base 16
601b0
-140063665 (base 7) to base 6
-522300421
Convert 366c4 (base 13) to base 6.
2051051
Convert d13f3 (base 16) to base 9.
1545615
What is -3dd99 (base 15) in base 16?
-308a3
117353 (base 8) to base 4
21323223
Convert 13442511 (base 6) to base 7.
3611545
What is 5366743 (base 8) in base 14?
295a5d
Convert 188645 (base 11) to base 13.
a1a81
-6cf62b (base 16) to base 7
-114460654
-528306 (base 12) to base 6
-43510010
Convert 204a6 (base 16) to base 10.
132262
Convert 1b534 (base 13) to base 15.
10d46
2181119 (base 11) to base 4
32211102311
2012201112021 (base 3) to base 8
4367755
What is -202279a (base 11) in base 3?
-20201200101021
1210211 (base 5) to base 14
8312
What is -110739a (base 16) in base 3?
-1020121010222121
What is -96982 (base 11) in base 15?
-2bb59
Convert 3001a3 (base 12) to base 6.
24001123
What is 1150994 (base 11) in base 15?
299a09
-241410143 (base 5) to base 9
-2100755
-2002113000 (base 4) to base 7
-4352466
-168210 (base 14) to base 13
-218b75
-567324 (base 8) to base 6
-4041512
Convert -14310002 (base 5) to base 12.
-73203
Convert 110111100101100100110 (base 2) to base 11.
103455a
Convert -118e41 (base 15) to base 7.
-10066411
-10066 (base 11) to base 13
-690a
Convert 423354 (base 6) to base 14.
c7d4
Convert 204114110 (base 5) to base 2.
11001111000010011110
Convert 57741 (base 12) to base 8.
344141
What is 4808155 (base 9) in base 5?
1131312434
1071532 (base 11) to base 15
270cce
What is 1667123 (base 9) in base 7?
10623156
What is -2924 (base 14) in base 7?
-30144
What is -47605114 (base 8) in base 5?
-10132012420
What is -1607075 (base 9) in base 11?
-559395
-10433140 (base 5) to base 8
-265370
Convert -2130222213 (base 4) to base 6.
-21430503
What is 1212012112202 (base 3) in base 12?
3b7a55
What is 310013033 (base 4) in base 8?
640717
-154b4 (base 13) to base 11
-2836a
Convert 9b22b (base 12) to base 3.
101110111222
-1031601 (base 7) to base 8
-365062
Convert 13048a (base 11) to base 6.
4223352
5142544 (base 6) to base 7
2045524
-2013210 (base 7) to base 4
-322103301
What is -220020002211 (base 3) in base 12?
-1abb4a
What is 16b89 (base 14) in base 16?
df45
Convert -7367307 (base 8) to base 7.
-22450105
Convert 1173a0 (base 11) to base 15.
39e57
Convert 4556428 (base 11) to base 14.
10b7988
Convert 11001011000000010111 (base 2) to base 4.
3023000113
What is -40511052 (base 7) in base 16?
-3396fc
21320320 (base 4) to base 2
1001111000111000
-111220001102010 (base 3) to base 2
-11100001010010010001010
Convert -421155 (base 9) to base 14.
-6725c
144a85 (base 16) to base 3
2111120010202
-1511631 (base 12) to base 14
-7ca181
Convert -82d32 (base 14) to base 4.
-1031000100
Convert 102121220200 (base 3) to base 5.
24310333
194144 (base 11) to base 5
34021223
Convert cdc72 (base 16) to base 5.
203432431
Convert -103303023 (base 4) to base 12.
-3ab23
101010011100011101100 (base 2) to base 13
39909a
Convert 4b651 (base 13) to base 2.
100010000011100011
Convert d4d5b9 (base 15) to base 2.
100110100110100101111101
What is -113412 (base 9) in base 2?
-10000101000100100
-11006773 (base 8) to base 7
-26040564
-11414240 (base 5) to base 15
-21c80
What is -115212646 (base 7) in base 5?
-3321313433
2361858 (base 10) to base 9
4388766
Convert -205232144 (base 6) to base 2.
-1101110001111100100000
What is -87067 (base 16) in base 15?
-add0d
What is -135653 (base 9) in base 14?
-22303
What is a1644 (base 12) in base 16?
33454
Convert -12002010021 (base 3) to base 14.
-28601
What is 146656 (base 8) in base 3?
2200020011
What is 3530416 (base 8) in base 13?
27932b
What is 41d (base 15) in base 13?
565
Convert 1202124400 (base 5) to base 12.
b17434
14a485 (base 13) to base 7
4214621
Convert 310343 (base 5) to base 4.
2131302
Convert -521590 (base 16) to base 9.
-11108221
4066342 (base 7) to base 2
1110110111101000101
-262886 (base 11) to base 13
-11639c
What is 211244023 (base 5) in base 7?
10342012
Convert -680c90 (base 14) to base 4.
-31133131232
146125 (base 8) to base 12
26331
Convert -5653b3 (base 12) to base 5.
-323042113
Convert -132010245 (base 6) to base 15.
-369858
What is 1003758 (base 10) in base 13?
291b52
What is -261325 (base 8) in base 14?
-25165
-12100100112111 (base 3) to base 6
-140522104
-5a1564 (base 13) to base 11
-12357a1
Convert -1262764 (base 8) to base 7.
-3002300
3105256 (base 7) to base 5
43342413
Convert 350663 (base 8) to base 3.
20001112112
-122210020200221 (base 3) to base 14
-1380c29
Convert 10304101 (base 10) to base 13.
219a102
What is 420054 (base 7) in base 5?
4301234
What is -2277113 (base 9) in base 15?
-195103
78b40c (base 14) to base 13
b08773
Convert -e9cdaa (base 15) to base 9.
-22844107
-28114745 (base 9) to base 6
-1213345452
Convert 13a0409 (base 14) to base 13.
1c87a61
Convert -1a2366 (base 12) to base 9.
-771186
-3469848 (base 10) to base 5
-1342013343
3434465 (base 10) to base 4
31012133201
Convert -16022 (base 10) to base 4.
-3322112
What is 48100 (base 9) in base 5?
2012112
Convert 1162447 (base 9) to base 7.
5240431
What is -101000110100100101011 (base 2) in base 16?
-14692b
-101830 (base 15) to base 7
-6333066
8ee6 (base 16) to base 8
107346
463510 (base 7) to base 11
57328
-1325bb (base 12) to base 2
-1001100111111011111
26803 (base 15) to base 2
11110000110100111
Convert -93113 (base 10) to base 8.
-265671
What is 919218 (base 12) in base 2?
1000101011101011110100
What is -61236 (base 11) in base 4?
-111311302
What is -150232151 (base 6) in base 15?
-41345a
-14d637 (base 15) to base 12
-406a14
What is 22002220102 (base 3) in base 10?
159581
What is -138a90c (base 13) in base 11?
-354a719
What is 155005245 (base 6) in base 12?
1139825
What is -30a327 (base 12) in base 8?
-2724517
What is 1100010111010001010 (base 2) in base 9?
676654
What is -562732 (base 14) in base 16?
-2ca7b8
What is 4526512 (base 8) in base 3?
2022012000201
1768320 (base 11) to base 16
2dbe25
676783 (base 11) to base 3
2000202100110
What is 5c422 (base 14) in base 2?
110111001000011110
What is -17264c (base 13) in base 5?
-121423232
What is 5639a (base 11) in base 16?
13eff
What is 383678 (base 12) in base 9?
1648872
Convert -110011001000101 (base 2) to base 14.
-9781
Convert -112212002110 (base 3) to base 5.
-33324040
101000100000010011 (base 2) to base 12
80017
-85907 (base 13) to base 8
-726551
Convert 1424475 (base 8) to base 2.
1100010100100111101
Convert 19373b (base 15) to base 2.
100101011100000000100
-13431033 (base 7) to base 2
-100110001011111011000
What is -260831 (base 12) in base 3?
-1011122222001
Convert -3666b (base 12) to base 13.
-27608
6132752 (base 9) to base 2
1100011110001101001010
What is 3c564b (base 14) in base 5?
1013330202
Convert -155112251 (base 7) to base 5.
-10141201124
-1053131 (base 7) to base 2
-11111111011000010
Convert 213128 (base 10) to base 14.
57956
4652206 (base 9) to base 8
11457071
133174d (base 15) to base 10
13825648
What is -223203333 (base 4) in base 11?
-112070
-25424250 (base 6) to base 12
-33b086
Convert 31880 (base 9) to base 12.
10290
Convert 151a9 (base 11) to base 15.
65ab
-348692 (base 15) to base 13
-69b0a8
What is 12033312303 (base 4) in base 11?
a1956a
7c94 (base 16) to base 11
21a63
-110000010101001100 (base 2) to base 3
-101001120000
222300100 (base 4) to base 9
286187
Convert 1798426 (base 11) to base 14.
59278b
Convert 2aa75c (base 13) to base 6.
34311414
20222110232 (base 4) to base 6
120355342
Convert 21411415 (base 9) to base 16.
9dcb53
100111010000001101 (base 2) to base 16
2740d
3218cc (base 15) to base 5
1102302432
What is -198008 (base 11) in base 5?
-34202401
131308 (base 9) to base 16
13760
342130033 (base 5) to base 4
11303100003
Convert 51630 (base 11) to base 14.
1d623
-50546333 (base 7) to base 12
-14b24bb
135d3 (base 14) to base 7
256253
What is -25320030 (base 9) in base 7?
-210340533
Convert -200b94 (base 12) to base 16.
-79ea0
Convert -71751 (base 10) to base 6.
-1312103
Convert 102220120222102 (base 3) to base 12.
215316b
What is 1304556 (base 8) in base 3?
200102202100
Convert -230564 (base 8) to base 6